n base 13, what is -2b - 24085?
-240b3
In base 15, what is -a1 - -6e3c2c?
6e3b7b
In base 14, what is -9242 - 76?
-92b8
In base 13, what is -2290c3b + 4?
-2290c37
In base 6, what is -3210 - 14414?
-22024
In base 11, what is -55a72 - 2232?
-581a4
In base 14, what is 4 - -212789d?
21278a3
In base 5, what is -123333 + -31403?
-210241
In base 5, what is -243231434 - -2321?
-243224113
In base 11, what is -9488 + 9922?
445
In base 12, what is 5985a + -2b?
5982b
In base 8, what is -3742 - -356?
-3364
In base 7, what is -40543214 + 4?
-40543210
In base 10, what is 574 - 14272?
-13698
In base 16, what is -f1589f + -3?
-f158a2
In base 5, what is 20221 - -2140242?
2211013
In base 13, what is 4 + -11881c?
-118818
In base 15, what is 1b8e4 - 8?
1b8db
In base 14, what is 6538 - 18c?
638a
In base 5, what is 3 - -21014044410?
21014044413
In base 8, what is -633744221 - 2?
-633744223
In base 4, what is 1 - -210123103130?
210123103131
In base 14, what is 5988 + -4c9?
549d
In base 16, what is 60e - ae95?
-a887
In base 7, what is 641630 - 1621?
640006
In base 14, what is -4 + 784a0a?
784a06
In base 5, what is -3222242 - 3340?
-3231132
In base 6, what is 12104024 - 14?
12104010
In base 12, what is 0 + 1723750?
1723750
In base 16, what is -bc + d99f0?
d9934
In base 5, what is -2241022 - -1003331?
-1232141
In base 6, what is -3 + -244313432?
-244313435
In base 11, what is -36530 + a?
-36521
In base 11, what is 36 + -21458945?
-2145890a
In base 15, what is -8379 + -3ca?
-8754
In base 2, what is -11100000111011010010 + 1001?
-11100000111011001001
In base 5, what is 20242414 + 2414?
20300333
In base 5, what is 4443333 - 31332?
4412001
In base 2, what is -110010001110100010111110100 + 0?
-110010001110100010111110100
In base 9, what is 108704861 - -4?
108704865
In base 8, what is 113410065 - -1?
113410066
In base 16, what is ac236d2 - -4?
ac236d6
In base 6, what is -201435354 + -132?
-201435530
In base 9, what is 16577 + -1355?
15222
In base 2, what is 1001 - -11001101000011111001001?
11001101000011111010010
In base 11, what is 785 + -326865?
-326090
In base 7, what is 12641 + -1153116?
-1140145
In base 15, what is -65aa + 3e1?
-61b9
In base 15, what is -4acad6 + a?
-4acacb
In base 15, what is 8117 - -110a?
9222
In base 9, what is -158187 - 20747?
-180045
In base 7, what is 21 + 4636202?
4636223
In base 10, what is 39773 - -2821?
42594
In base 7, what is 1600055356 - 2?
1600055354
In base 8, what is -122752 + -633?
-123605
In base 12, what is 146871a5 + 5?
146871aa
In base 13, what is -44b67c + -73?
-44b722
In base 4, what is -2303310213332203 - -2?
-2303310213332201
In base 11, what is 3 - 6153487?
-6153484
In base 2, what is -11 - -1100100000000010010100101101?
1100100000000010010100101010
In base 13, what is 11 - -9cab0c?
9cab20
In base 12, what is 5 - -947a34b?
947a354
In base 8, what is -10 - 10111124?
-10111134
In base 15, what is 16c8 - 166?
1562
In base 13, what is -4 - 1c2444a?
-1c24451
In base 13, what is -543c - 28050?
-3048c
In base 6, what is 1034 + 444354?
445432
In base 15, what is 3b7c + -4b4?
36b8
In base 10, what is 50 - -4686275?
4686325
In base 14, what is 134c2 - -2c88?
1636a
In base 15, what is 58c941d - 2?
58c941b
In base 4, what is -23 - -1013200222213?
1013200222130
In base 4, what is -13110033 + 1000310?
-12103123
In base 14, what is -2c + d8cc36?
d8cc08
In base 4, what is -31220 - -2010222?
1313002
In base 2, what is 1000000111001010000101001000 - -101?
1000000111001010000101001101
In base 8, what is 54050330 + -2?
54050326
In base 14, what is 0 + -418329a?
-418329a
In base 13, what is 4271 - b407?
-7166
In base 7, what is -16424612 + 251?
-16424331
In base 6, what is -1510 + 210352?
204442
In base 10, what is -1193981 - -4?
-1193977
In base 9, what is -4 - 121818206?
-121818211
In base 9, what is -100 - 24176?
-24276
In base 12, what is 14a993 - 9?
14a986
In base 8, what is 3346607 + 1?
3346610
In base 6, what is 21 + 1323455342?
1323455403
In base 3, what is 2 - 200120120002111?
-200120120002102
In base 4, what is 23023113 - 3012?
23020101
In base 5, what is -4022030 - 102?
-4022132
In base 9, what is 4 - -76764567?
76764572
In base 8, what is 1212 - -15362?
16574
In base 15, what is 0 + -85e6418?
-85e6418
In base 6, what is -23 + -43001300?
-43001323
In base 9, what is -2 - -2106626?
2106624
In base 9, what is -2 - -27216705?
27216703
In base 4, what is -2303 + -2033111?
-2102020
In base 16, what is -2abf + -b46?
-3605
In base 11, what is -16727 + 81?
-16656
In base 5, what is 13121 - 200403323?
-200340202
In base 15, what is -2c2ca0 + 3?
-2c2c9c
In base 8, what is 66 + -102662020?
-102661732
In base 9, what is 3 - 32045486?
-32045483
In base 4, what is 1010201 + -23121331?
-22111130
In base 4, what is -30311220102232 + 1?
-30311220102231
In base 10, what is 2308 + -5050?
-2742
In base 2, what is -1001100100101000100111010001 - 100?
-1001100100101000100111010101
In base 12, what is -4 + -aa3b123?
-aa3b127
In base 11, what is -512819 - -1?
-512818
In base 2, what is 11110100110011011101011 - -11100?
11110100110011100000111
In base 13, what is 3 + -750a817?
-750a814
In base 14, what is cab - a10?
29b
In base 9, what is -4806750 + 0?
-4806750
In base 9, what is -17714750 + -66?
-17714826
In base 8, what is -334 - 32373?
-32727
In base 4, what is -3113332 - 10302?
-3130300
In base 6, what is 11 + -25240525?
-25240514
In base 13, what is 179822 + 3?
179825
In base 13, what is -8 + -a6a5ca?
-a6a605
In base 7, what is 1525 - -31136?
32664
In base 3, what is 222002 + -220210002?
-212211000
In base 4, what is 1 + 123022113111?
123022113112
In base 14, what is 7 - 1c2044?
-1c203b
In base 16, what is -197 - -1fa4?
1e0d
In base 9, what is 631 + 2400377?
2401118
In base 12, what is -22042 + 72a?
-21514
In base 3, what is -100111 - 10102202?
-10210020
In base 6, what is -3544 + 531205?
523221
In base 11, what is -51 - -2300?
225a
In base 7, what is 124 - -221541?
221665
In base 7, what is -4532514 + 2425?
-4530056
In base 7, what is 551 + -10?
541
In base 7, what is 0 - 142424045?
-142424045
In base 16, what is -3ade7 - 196d?
-3c754
In base 2, what is 10 - 10101101110010111001?
-10101101110010110111
In base 6, what is -201201514 - -33?
-201201441
In base 7, what is 1243 + 164203?
165446
In base 11, what is -183 - 497728?
-497900
In base 5, what is -3 - 14312043421?
-14312043424
In base 10, what is -1 - -6862788?
6862787
In base 8, what is 122104710 - -1?
122104711
In base 3, what is 222110000102 + -20?
222110000012
In base 11, what is -41 - 10987a3?
-1098834
In base 3, what is -10200 + -221100000110?
-221100011010
In base 7, what is -2464123621 + -4?
-2464123625
In base 10, what is -1015639885 - -1?
-1015639884
In base 8, what is -643425 + -427?
-644054
In base 9, what is 14 - 10513121?
-10513106
In base 6, what is -3 - 12022215312?
-12022215315
In base 9, what is 5118187 - 6?
5118181
In base 12, what is -1263 - 7b8b9?
-80b60
In base 14, what is 36b7260 - 0?
36b7260
In base 5, what is 4330212 + -34?
4330123
In base 15, what is 1824 + -1615?
20e
In base 14, what is -6775 - -1243?
-5532
In base 14, what is -213da - 1b?
-21417
In base 8, what is -205 + 267031?
266624
In base 16, what is -13 - 312c2?
-312d5
In base 9, what is 1682185 + -620?
1681465
In base 5, what is -1 - 224244412?
-224244413
In base 16, what is -55c1 + 72a?
-4e97
In base 4, what is -202302 - 13110210?
-13313112
In base 14, what is c72a2 - 3?
c729d
In base 7, what is 32003260 - -4?
32003264
In base 8, what is 0 + 15635311?
15635311
In base 15, what is d6bca + -47?
d6b83
In base 16, what is -34761 - 3a7?
-34b08
In base 7, what is 1 - 1033533315?
-1033533314
In base 4, what is -1222033300 - -1111?
-1222032123
In base 16, what is -3869 + -a1?
-390a
In base 15, what is c053ca + -2?
c053c8
In base 7, what is -10566435522 + 0?
-10566435522
In base 7, what is 5232 - 242065?
-233533
In base 6, what is 353051002 + 13?
353051015
In base 14, what is 12797b9 - 3?
12797b6
In base 14, what is 9501 + -144?
939b
In base 7, what is -543553531 - 2?
-543553533
In base 6, what is 1141444 + -142?
1141302
In base 15, what is 10b05c - 421?
10ab3b
In base 14, what is -d71225 - 1?
-d71226
In base 3, what is -10 - 202210220000?
-202210220010
In base 4, what is -122 + 2013121033?
2013120311
In base 3, what is -12